{"id":75,"date":"2024-04-08T11:03:59","date_gmt":"2024-04-08T09:03:59","guid":{"rendered":"https:\/\/www.zentrum-im-sein.at\/?page_id=75"},"modified":"2026-07-30T10:45:19","modified_gmt":"2026-07-30T08:45:19","slug":"fuer-dich-fuer-uns","status":"publish","type":"page","link":"https:\/\/www.zentrum-im-sein.at\/?page_id=75","title":{"rendered":"Termine"},"content":{"rendered":"\n<h2 class=\"wp-block-heading has-text-align-center\">Genaueres zu den Terminen findest du unter <a href=\"https:\/\/www.zentrum-im-sein.at\/?page_id=82\" data-type=\"page\" data-id=\"82\">Arbeitsformate<\/a><\/h2>\n\n\n\n<h2 class=\"wp-block-heading has-text-align-center\">Einladungen \u00fcber die Signalgruppe &#8222;einfach Sein&#8220;<\/h2>\n\n\n\n<p class=\"has-text-align-center wp-block-paragraph\">Hier ist eine Anmeldung zur Signalgruppe m\u00f6glich, wo es laufend Einladungen zu den aktuellen Begegnungsr\u00e4umen gibt: <\/p>\n\n\n<div class=\"wp-block-image\">\n<figure class=\"aligncenter size-full\"><img loading=\"lazy\" decoding=\"async\" width=\"256\" height=\"256\" src=\"https:\/\/www.zentrum-im-sein.at\/wp-content\/uploads\/2024\/12\/QR_256-1.png\" alt=\"\" class=\"wp-image-725\" srcset=\"https:\/\/www.zentrum-im-sein.at\/wp-content\/uploads\/2024\/12\/QR_256-1.png 256w, https:\/\/www.zentrum-im-sein.at\/wp-content\/uploads\/2024\/12\/QR_256-1-150x150.png 150w, https:\/\/www.zentrum-im-sein.at\/wp-content\/uploads\/2024\/12\/QR_256-1-100x100.png 100w\" sizes=\"auto, (max-width: 256px) 100vw, 256px\" \/><\/figure>\n<\/div>\n\n\n<h2 class=\"wp-block-heading has-text-align-center\">Jahreszeitenfeste &#8222;Feiere die Lebendigkeit&#8220; 2026<\/h2>\n\n\n\n<p class=\"has-text-align-center wp-block-paragraph\"><strong>Fr\u00fchlingsbeginn &#8211; Fest der neuen Wege<\/strong><\/p>\n\n\n\n<p class=\"has-text-align-center wp-block-paragraph\">Freitag 27. 03. bis Samstag 28. 03.<\/p>\n\n\n\n<p class=\"has-text-align-center wp-block-paragraph\"><strong>Sommersonnwende &#8211; Fest der Herzensw\u00e4rme<\/strong><\/p>\n\n\n\n<p class=\"has-text-align-center wp-block-paragraph\">Freitag 19. 06. bis Sonntag 21. 06.<\/p>\n\n\n\n<p class=\"has-text-align-center wp-block-paragraph\"><strong>N\u00e4hrender Herbst &#8211; Fest der F\u00fclle und des Dankes<\/strong><\/p>\n\n\n\n<p class=\"has-text-align-center wp-block-paragraph\">Freitag 18. 09. bis Sonntag 20. 09.<\/p>\n\n\n\n<p class=\"has-text-align-center wp-block-paragraph\"><strong>Wintersonnenwende &#8211; Innenschau und Neuausrichtung<\/strong><\/p>\n\n\n\n<p class=\"has-text-align-center wp-block-paragraph\">Samstag 19. 12. bis Sonntag 20. 12.<\/p>\n\n\n\n<p class=\"wp-block-paragraph\"><\/p>\n\n\n\n<h2 class=\"wp-block-heading has-text-align-center\">Feuerkreisdialoge 2026<\/h2>\n\n\n\n<div class=\"wp-block-columns is-layout-flex wp-container-core-columns-is-layout-8f761849 wp-block-columns-is-layout-flex\">\n<div class=\"wp-block-column is-layout-flow wp-block-column-is-layout-flow\" style=\"flex-basis:100%\">\n<p class=\"has-text-align-center wp-block-paragraph\">Mittwoch       07.01.<br>Montag          02.02.<br>Freitag           06.03.<br>Donnerstag 02.04.<br>Montag          04.05.<br>Mittwoch       01.07.<br>Mittwoch      29.07.<br><em>Freitag 28.08. <\/em>verschoben auf <strong>Montag 31.08.<\/strong><br><em>Freitag 25.09. <\/em>verschoben auf <strong>Mittwoch 23.09.<\/strong><br>Dienstag        27.10.<br>Montag           23.11.<br>Mittwoch       23.12.<\/p>\n<\/div>\n<\/div>\n\n\n\n<p class=\"wp-block-paragraph\"><\/p>\n\n\n<div class=\"wp-block-image\">\n<figure class=\"aligncenter size-full is-resized\"><img loading=\"lazy\" decoding=\"async\" width=\"486\" height=\"858\" src=\"https:\/\/www.zentrum-im-sein.at\/wp-content\/uploads\/2024\/03\/Baum_kl2.jpg\" alt=\"\" class=\"wp-image-78\" style=\"width:382px;height:auto\" srcset=\"https:\/\/www.zentrum-im-sein.at\/wp-content\/uploads\/2024\/03\/Baum_kl2.jpg 486w, https:\/\/www.zentrum-im-sein.at\/wp-content\/uploads\/2024\/03\/Baum_kl2-170x300.jpg 170w\" sizes=\"auto, (max-width: 486px) 100vw, 486px\" \/><\/figure>\n<\/div>","protected":false},"excerpt":{"rendered":"<p>Genaueres zu den Terminen findest du unter Arbeitsformate Einladungen \u00fcber die Signalgruppe &#8222;einfach Sein&#8220; Hier ist eine Anmeldung zur Signalgruppe m\u00f6glich, wo es laufend Einladungen zu den aktuellen Begegnungsr\u00e4umen gibt: Jahreszeitenfeste &#8222;Feiere die Lebendigkeit&#8220; 2026 Fr\u00fchlingsbeginn &#8211; Fest der neuen Wege Freitag 27. 03. bis Samstag 28. 03. Sommersonnwende &#8211; Fest der Herzensw\u00e4rme Freitag 19. &hellip; <\/p>\n<p class=\"link-more\"><a href=\"https:\/\/www.zentrum-im-sein.at\/?page_id=75\" class=\"more-link\"><span class=\"screen-reader-text\">\u201eTermine\u201c<\/span> weiterlesen<\/a><\/p>\n","protected":false},"author":1,"featured_media":76,"parent":0,"menu_order":0,"comment_status":"closed","ping_status":"closed","template":"","meta":{"footnotes":""},"class_list":["post-75","page","type-page","status-publish","has-post-thumbnail","hentry"],"_links":{"self":[{"href":"https:\/\/www.zentrum-im-sein.at\/index.php?rest_route=\/wp\/v2\/pages\/75","targetHints":{"allow":["GET"]}}],"collection":[{"href":"https:\/\/www.zentrum-im-sein.at\/index.php?rest_route=\/wp\/v2\/pages"}],"about":[{"href":"https:\/\/www.zentrum-im-sein.at\/index.php?rest_route=\/wp\/v2\/types\/page"}],"author":[{"embeddable":true,"href":"https:\/\/www.zentrum-im-sein.at\/index.php?rest_route=\/wp\/v2\/users\/1"}],"replies":[{"embeddable":true,"href":"https:\/\/www.zentrum-im-sein.at\/index.php?rest_route=%2Fwp%2Fv2%2Fcomments&post=75"}],"version-history":[{"count":34,"href":"https:\/\/www.zentrum-im-sein.at\/index.php?rest_route=\/wp\/v2\/pages\/75\/revisions"}],"predecessor-version":[{"id":910,"href":"https:\/\/www.zentrum-im-sein.at\/index.php?rest_route=\/wp\/v2\/pages\/75\/revisions\/910"}],"wp:featuredmedia":[{"embeddable":true,"href":"https:\/\/www.zentrum-im-sein.at\/index.php?rest_route=\/wp\/v2\/media\/76"}],"wp:attachment":[{"href":"https:\/\/www.zentrum-im-sein.at\/index.php?rest_route=%2Fwp%2Fv2%2Fmedia&parent=75"}],"curies":[{"name":"wp","href":"https:\/\/api.w.org\/{rel}","templated":true}]}}

<h2 class="wp-block-heading has-text-align-center">Genaueres zu den Terminen findest du unter <a href="https://www.zentrum-im-sein.at/?page_id=82" data-type="page" data-id="82">Arbeitsformate</a></h2>



<h2 class="wp-block-heading has-text-align-center">Einladungen über die Signalgruppe &#8222;einfach Sein&#8220;</h2>



<p class="has-text-align-center wp-block-paragraph">Hier ist eine Anmeldung zur Signalgruppe möglich, wo es laufend Einladungen zu den aktuellen Begegnungsräumen gibt: </p>


<div class="wp-block-image">
<figure class="aligncenter size-full"><img loading="lazy" decoding="async" width="256" height="256" src="https://www.zentrum-im-sein.at/wp-content/uploads/2024/12/QR_256-1.png" alt="" class="wp-image-725" srcset="https://www.zentrum-im-sein.at/wp-content/uploads/2024/12/QR_256-1.png 256w, https://www.zentrum-im-sein.at/wp-content/uploads/2024/12/QR_256-1-150x150.png 150w, https://www.zentrum-im-sein.at/wp-content/uploads/2024/12/QR_256-1-100x100.png 100w" sizes="auto, (max-width: 256px) 100vw, 256px" /></figure>
</div>


<h2 class="wp-block-heading has-text-align-center">Jahreszeitenfeste &#8222;Feiere die Lebendigkeit&#8220; 2026</h2>



<p class="has-text-align-center wp-block-paragraph"><strong>Frühlingsbeginn &#8211; Fest der neuen Wege</strong></p>



<p class="has-text-align-center wp-block-paragraph">Freitag 27. 03. bis Samstag 28. 03.</p>



<p class="has-text-align-center wp-block-paragraph"><strong>Sommersonnwende &#8211; Fest der Herzenswärme</strong></p>



<p class="has-text-align-center wp-block-paragraph">Freitag 19. 06. bis Sonntag 21. 06.</p>



<p class="has-text-align-center wp-block-paragraph"><strong>Nährender Herbst &#8211; Fest der Fülle und des Dankes</strong></p>



<p class="has-text-align-center wp-block-paragraph">Freitag 18. 09. bis Sonntag 20. 09.</p>



<p class="has-text-align-center wp-block-paragraph"><strong>Wintersonnenwende &#8211; Innenschau und Neuausrichtung</strong></p>



<p class="has-text-align-center wp-block-paragraph">Samstag 19. 12. bis Sonntag 20. 12.</p>



<p class="wp-block-paragraph"></p>



<h2 class="wp-block-heading has-text-align-center">Feuerkreisdialoge 2026</h2>



<div class="wp-block-columns is-layout-flex wp-container-core-columns-is-layout-8f761849 wp-block-columns-is-layout-flex">
<div class="wp-block-column is-layout-flow wp-block-column-is-layout-flow" style="flex-basis:100%">
<p class="has-text-align-center wp-block-paragraph">Mittwoch       07.01.<br>Montag          02.02.<br>Freitag           06.03.<br>Donnerstag 02.04.<br>Montag          04.05.<br>Mittwoch       01.07.<br>Mittwoch      29.07.<br><em>Freitag 28.08. </em>verschoben auf <strong>Montag 31.08.</strong><br><em>Freitag 25.09. </em>verschoben auf <strong>Mittwoch 23.09.</strong><br>Dienstag        27.10.<br>Montag           23.11.<br>Mittwoch       23.12.</p>
</div>
</div>



<p class="wp-block-paragraph"></p>


<div class="wp-block-image">
<figure class="aligncenter size-full is-resized"><img loading="lazy" decoding="async" width="486" height="858" src="https://www.zentrum-im-sein.at/wp-content/uploads/2024/03/Baum_kl2.jpg" alt="" class="wp-image-78" style="width:382px;height:auto" srcset="https://www.zentrum-im-sein.at/wp-content/uploads/2024/03/Baum_kl2.jpg 486w, https://www.zentrum-im-sein.at/wp-content/uploads/2024/03/Baum_kl2-170x300.jpg 170w" sizes="auto, (max-width: 486px) 100vw, 486px" /></figure>
</div>

<p>Genaueres zu den Terminen findest du unter Arbeitsformate Einladungen über die Signalgruppe &#8222;einfach Sein&#8220; Hier ist eine Anmeldung zur Signalgruppe möglich, wo es laufend Einladungen zu den aktuellen Begegnungsräumen gibt: Jahreszeitenfeste &#8222;Feiere die Lebendigkeit&#8220; 2026 Frühlingsbeginn &#8211; Fest der neuen Wege Freitag 27. 03. bis Samstag 28. 03. Sommersonnwende &#8211; Fest der Herzenswärme Freitag 19. &hellip; </p>
<p class="link-more"><a href="https://www.zentrum-im-sein.at/?page_id=75" class="more-link"><span class="screen-reader-text">„Termine“</span> weiterlesen</a></p>
