{"id":57,"date":"2024-04-08T11:03:59","date_gmt":"2024-04-08T09:03:59","guid":{"rendered":"https:\/\/www.zentrum-im-sein.at\/?page_id=57"},"modified":"2026-01-08T17:58:51","modified_gmt":"2026-01-08T16:58:51","slug":"was-wir-tun","status":"publish","type":"page","link":"https:\/\/www.zentrum-im-sein.at\/?page_id=57","title":{"rendered":"Was wir tun"},"content":{"rendered":"\n<div class=\"wp-block-group has-medium-font-size is-content-justification-right is-nowrap is-layout-flex wp-container-core-group-is-layout-7eb86478 wp-block-group-is-layout-flex\">\n<div class=\"wp-block-columns is-layout-flex wp-container-core-columns-is-layout-8f761849 wp-block-columns-is-layout-flex\">\n<div class=\"wp-block-column is-layout-flow wp-block-column-is-layout-flow\" style=\"flex-basis:100%\">\n<div class=\"wp-block-columns are-vertically-aligned-center is-layout-flex wp-container-core-columns-is-layout-8f761849 wp-block-columns-is-layout-flex\">\n<div class=\"wp-block-column is-vertically-aligned-center is-layout-flow wp-block-column-is-layout-flow\" style=\"flex-basis:90%\">\n<figure class=\"wp-block-image size-large is-resized is-style-rounded\"><img loading=\"lazy\" decoding=\"async\" width=\"934\" height=\"1024\" src=\"https:\/\/www.zentrum-im-sein.at\/wp-content\/uploads\/2024\/03\/fuesse_kl_was_tun-1-934x1024.jpg\" alt=\"\" class=\"wp-image-59\" style=\"aspect-ratio:1;object-fit:cover;width:399px;height:auto\" srcset=\"https:\/\/www.zentrum-im-sein.at\/wp-content\/uploads\/2024\/03\/fuesse_kl_was_tun-1-934x1024.jpg 934w, https:\/\/www.zentrum-im-sein.at\/wp-content\/uploads\/2024\/03\/fuesse_kl_was_tun-1-274x300.jpg 274w, https:\/\/www.zentrum-im-sein.at\/wp-content\/uploads\/2024\/03\/fuesse_kl_was_tun-1-768x842.jpg 768w, https:\/\/www.zentrum-im-sein.at\/wp-content\/uploads\/2024\/03\/fuesse_kl_was_tun-1.jpg 1000w\" sizes=\"auto, (max-width: 706px) 89vw, (max-width: 767px) 82vw, 740px\" \/><\/figure>\n<\/div>\n\n\n\n<div class=\"wp-block-column is-vertically-aligned-center is-layout-flow wp-block-column-is-layout-flow\" style=\"flex-basis:95%\">\n<p class=\"has-text-align-right wp-block-paragraph\" style=\"font-size:17px\">in Resonanz gehen mit Allem was da ist<\/p>\n\n\n\n<p class=\"has-text-align-right wp-block-paragraph\" style=\"font-size:17px\">horchen und antworten<\/p>\n\n\n\n<p class=\"has-text-align-right wp-block-paragraph\" style=\"font-size:17px\">wechselseitig<\/p>\n\n\n\n<p class=\"has-text-align-right wp-block-paragraph\" style=\"font-size:17px\">Schritt f\u00fcr Schritt erkunden<\/p>\n\n\n\n<p class=\"has-text-align-right wp-block-paragraph\" style=\"font-size:17px\">wahrnehmen, erinnern <\/p>\n\n\n\n<p class=\"has-text-align-right wp-block-paragraph\" style=\"font-size:17px\">aufnehmen, abgeben<\/p>\n\n\n\n<p class=\"has-text-align-right wp-block-paragraph\" style=\"font-size:17px\">ber\u00fchren und verwandeln lassen<\/p>\n\n\n\n<p class=\"has-text-align-right wp-block-paragraph\" style=\"font-size:17px\">weitergehen<\/p>\n<\/div>\n<\/div>\n<\/div>\n<\/div>\n<\/div>\n\n\n\n<p class=\"has-text-align-center wp-block-paragraph\">Durch das Erleben von drau\u00dfen unterwegs sein in kleinen Gruppen, Feuer machen,<br>am Boden schlafen, in Handlung gehen,<br> erinnert sich der K\u00f6rper und die Intuition an urmenschliche Erfahrungen<br>von Zugeh\u00f6rigkeit, Kooperation, Liebe zu dem was ist, dem Schwarmwissen und<br>dem empfundenen Gl\u00fcck in der Einfachheit der Dinge.<\/p>\n\n\n\n<p class=\"wp-block-paragraph\"><\/p>\n\n\n<div class=\"wp-block-image\">\n<figure class=\"aligncenter size-large\"><img loading=\"lazy\" decoding=\"async\" width=\"1024\" height=\"768\" src=\"https:\/\/www.zentrum-im-sein.at\/wp-content\/uploads\/2024\/03\/was_tun_felsen_Tarp_gr-1024x768.jpg\" alt=\"\" class=\"wp-image-60\" srcset=\"https:\/\/www.zentrum-im-sein.at\/wp-content\/uploads\/2024\/03\/was_tun_felsen_Tarp_gr-1024x768.jpg 1024w, https:\/\/www.zentrum-im-sein.at\/wp-content\/uploads\/2024\/03\/was_tun_felsen_Tarp_gr-300x225.jpg 300w, https:\/\/www.zentrum-im-sein.at\/wp-content\/uploads\/2024\/03\/was_tun_felsen_Tarp_gr-768x576.jpg 768w, https:\/\/www.zentrum-im-sein.at\/wp-content\/uploads\/2024\/03\/was_tun_felsen_Tarp_gr-1536x1152.jpg 1536w, https:\/\/www.zentrum-im-sein.at\/wp-content\/uploads\/2024\/03\/was_tun_felsen_Tarp_gr.jpg 2000w\" sizes=\"auto, (max-width: 706px) 89vw, (max-width: 767px) 82vw, 740px\" \/><\/figure>\n<\/div>\n\n\n<p class=\"wp-block-paragraph\"><\/p>\n\n\n\n<p class=\"has-text-align-center wp-block-paragraph\">Anhand der ph\u00e4nomenologisch auftauchenden Ereignisse in unserer gemeinsamen Zeit<br>und den jeweiligen pers\u00f6nlichen Sinnzuschreibungen, die zum Teil in Sprache gebracht<br>werden, webt sich der Prozess des Miteinanders.<\/p>\n\n\n\n<p class=\"has-text-align-center wp-block-paragraph\">H\u00f6ren &#8211; Antwort darauf geben &#8211; geh\u00f6rt werden<\/p>\n\n\n\n<p class=\"has-text-align-center wp-block-paragraph\">verbunden mit leiblicher Erfahrung, erschliesst manchmal &#8211; in Anerkennung aller Unverf\u00fcgbarkeit &#8211; wahre Sch\u00e4tze, die uns staunen lassen.<br>In m\u00f6glichst wertfreier Wahrnehmung von uns und dem was mit uns ist, schaffen wir einen gemeinsamen Raum, in dem Wandlung passieren kann.<\/p>\n\n\n\n<p class=\"wp-block-paragraph\"><\/p>\n\n\n<div class=\"wp-block-image is-style-rounded\">\n<figure class=\"aligncenter size-large is-resized\"><img loading=\"lazy\" decoding=\"async\" width=\"1024\" height=\"772\" src=\"https:\/\/www.zentrum-im-sein.at\/wp-content\/uploads\/2024\/03\/gruppenplatz_mit_Menschen-1-1024x772.jpg\" alt=\"\" class=\"wp-image-45\" style=\"aspect-ratio:1;object-fit:cover;width:575px;height:auto\" srcset=\"https:\/\/www.zentrum-im-sein.at\/wp-content\/uploads\/2024\/03\/gruppenplatz_mit_Menschen-1-1024x772.jpg 1024w, https:\/\/www.zentrum-im-sein.at\/wp-content\/uploads\/2024\/03\/gruppenplatz_mit_Menschen-1-300x226.jpg 300w, https:\/\/www.zentrum-im-sein.at\/wp-content\/uploads\/2024\/03\/gruppenplatz_mit_Menschen-1-768x579.jpg 768w, https:\/\/www.zentrum-im-sein.at\/wp-content\/uploads\/2024\/03\/gruppenplatz_mit_Menschen-1-1536x1159.jpg 1536w, https:\/\/www.zentrum-im-sein.at\/wp-content\/uploads\/2024\/03\/gruppenplatz_mit_Menschen-1.jpg 1709w\" sizes=\"auto, (max-width: 706px) 89vw, (max-width: 767px) 82vw, 740px\" \/><\/figure>\n<\/div>\n\n\n<p class=\"wp-block-paragraph\"><\/p>\n\n\n\n<div class=\"wp-block-columns is-layout-flex wp-container-core-columns-is-layout-8f761849 wp-block-columns-is-layout-flex\">\n<div class=\"wp-block-column is-layout-flow wp-block-column-is-layout-flow\" style=\"flex-basis:100%\">\n<div class=\"wp-block-group\"><div class=\"wp-block-group__inner-container is-layout-constrained wp-block-group-is-layout-constrained\">\n<p class=\"has-text-align-center wp-block-paragraph\">Durch die Verankerung des Erlebten im K\u00f6rper, in der Landschaft, mit unterschiedlichen Methoden, \nwird ein Weg im Alltag voll Sch\u00f6nheit, Freude, Leichtigkeit sichtbar <br>\nund freut sich darauf begangen zu werden.<\/p>\n\n\n\n<div class=\"wp-block-group\"><div class=\"wp-block-group__inner-container is-layout-constrained wp-block-group-is-layout-constrained\">\n<p class=\"has-text-align-center wp-block-paragraph\">Schicht um Schicht sch\u00e4lst du dich von allem, was es nicht mehr bei dir braucht.<br>Gest\u00e4rkt, gen\u00e4hrt und wesentlich wirkst du, vom Ort deiner inneren Kraft und<br> Lebendigkeit, als Geschenk in der Welt.<br>Mit allen die da sind &#8211; auf Augenh\u00f6he miteinander.<\/p>\n\n\n\n<p class=\"wp-block-paragraph\"><\/p>\n\n\n<div class=\"wp-block-image\">\n<figure class=\"aligncenter size-large is-resized\"><img loading=\"lazy\" decoding=\"async\" width=\"914\" height=\"1024\" src=\"https:\/\/www.zentrum-im-sein.at\/wp-content\/uploads\/2024\/03\/was_tun_feuerkochen2_kl-914x1024.jpg\" alt=\"\" class=\"wp-image-70\" style=\"width:462px;height:auto\" srcset=\"https:\/\/www.zentrum-im-sein.at\/wp-content\/uploads\/2024\/03\/was_tun_feuerkochen2_kl-914x1024.jpg 914w, https:\/\/www.zentrum-im-sein.at\/wp-content\/uploads\/2024\/03\/was_tun_feuerkochen2_kl-268x300.jpg 268w, https:\/\/www.zentrum-im-sein.at\/wp-content\/uploads\/2024\/03\/was_tun_feuerkochen2_kl-768x860.jpg 768w, https:\/\/www.zentrum-im-sein.at\/wp-content\/uploads\/2024\/03\/was_tun_feuerkochen2_kl.jpg 1000w\" sizes=\"auto, (max-width: 706px) 89vw, (max-width: 767px) 82vw, 740px\" \/><\/figure>\n<\/div>\n\n\n<h2 class=\"wp-block-heading has-text-align-center\">Was dabei geschieht<\/h2>\n\n\n\n<p class=\"has-text-align-center wp-block-paragraph\">\u0298 Verbundenheit zu den eigenen Wurzeln sp\u00fcren \u2013 das Urvertrauen wieder entdecken, st\u00e4rken<br>\u0298 Verk\u00f6rperung \u2013 so wie du gemeint bist \u2013 wesentlich<br>\u0298 Selbstwirksamkeit sp\u00fcren<br>\u0298 das Leben und dich inmitten feiern<br>\u0298 im Kreis Miteinander und Kooperation erleben und verankern<br>\u0298 Neue Handlungsm\u00f6glichkeiten und innere Freiheit entdecken, reflektieren, umsetzen<br>\u0298 in Folge die gemachten Erfahrungen in unterschiedliche Lebensbereiche einflie\u00dfen lassen<br>\u0298 Wandel geschieht, individuell und kollektiv<\/p>\n<\/div><\/div>\n<\/div><\/div>\n<\/div>\n<\/div>\n\n\n\n<h2 class=\"wp-block-heading has-text-align-center\">Methoden<\/h2>\n\n\n\n<p class=\"has-text-align-center wp-block-paragraph\">\u0298 Feuerkreisdialoge<br>\u0298 Rituale in \/ mit der Natur<br>\u0298 Gestaltung mit Naturmaterialien<br>\u0298 drau\u00dfen unterwegs sein tags und nachts<br>\u0298 Schlafplatzgestaltung<br>\u0298 Kochen am Feuer<br>\u0298 K\u00f6rperarbeit mit Atem\/ Klang \/ Bewegung \/ Tanz\/ Ber\u00fchrung<br>\u0298 Craniosacrale Arbeit, Qi Gong, Akkupressur<br>\u0298 Aufstellungsarbeit<\/p>\n","protected":false},"excerpt":{"rendered":"<p>in Resonanz gehen mit Allem was da ist horchen und antworten wechselseitig Schritt f\u00fcr Schritt erkunden wahrnehmen, erinnern aufnehmen, abgeben ber\u00fchren und verwandeln lassen weitergehen Durch das Erleben von drau\u00dfen unterwegs sein in kleinen Gruppen, Feuer machen,am Boden schlafen, in Handlung gehen, erinnert sich der K\u00f6rper und die Intuition an urmenschliche Erfahrungenvon Zugeh\u00f6rigkeit, Kooperation, Liebe &hellip; <\/p>\n<p class=\"link-more\"><a href=\"https:\/\/www.zentrum-im-sein.at\/?page_id=57\" class=\"more-link\"><span class=\"screen-reader-text\">\u201eWas wir tun\u201c<\/span> weiterlesen<\/a><\/p>\n","protected":false},"author":1,"featured_media":0,"parent":0,"menu_order":0,"comment_status":"closed","ping_status":"closed","template":"","meta":{"footnotes":""},"class_list":["post-57","page","type-page","status-publish","hentry"],"_links":{"self":[{"href":"https:\/\/www.zentrum-im-sein.at\/index.php?rest_route=\/wp\/v2\/pages\/57","targetHints":{"allow":["GET"]}}],"collection":[{"href":"https:\/\/www.zentrum-im-sein.at\/index.php?rest_route=\/wp\/v2\/pages"}],"about":[{"href":"https:\/\/www.zentrum-im-sein.at\/index.php?rest_route=\/wp\/v2\/types\/page"}],"author":[{"embeddable":true,"href":"https:\/\/www.zentrum-im-sein.at\/index.php?rest_route=\/wp\/v2\/users\/1"}],"replies":[{"embeddable":true,"href":"https:\/\/www.zentrum-im-sein.at\/index.php?rest_route=%2Fwp%2Fv2%2Fcomments&post=57"}],"version-history":[{"count":24,"href":"https:\/\/www.zentrum-im-sein.at\/index.php?rest_route=\/wp\/v2\/pages\/57\/revisions"}],"predecessor-version":[{"id":770,"href":"https:\/\/www.zentrum-im-sein.at\/index.php?rest_route=\/wp\/v2\/pages\/57\/revisions\/770"}],"wp:attachment":[{"href":"https:\/\/www.zentrum-im-sein.at\/index.php?rest_route=%2Fwp%2Fv2%2Fmedia&parent=57"}],"curies":[{"name":"wp","href":"https:\/\/api.w.org\/{rel}","templated":true}]}}

<div class="wp-block-group has-medium-font-size is-content-justification-right is-nowrap is-layout-flex wp-container-core-group-is-layout-7eb86478 wp-block-group-is-layout-flex">
<div class="wp-block-columns is-layout-flex wp-container-core-columns-is-layout-8f761849 wp-block-columns-is-layout-flex">
<div class="wp-block-column is-layout-flow wp-block-column-is-layout-flow" style="flex-basis:100%">
<div class="wp-block-columns are-vertically-aligned-center is-layout-flex wp-container-core-columns-is-layout-8f761849 wp-block-columns-is-layout-flex">
<div class="wp-block-column is-vertically-aligned-center is-layout-flow wp-block-column-is-layout-flow" style="flex-basis:90%">
<figure class="wp-block-image size-large is-resized is-style-rounded"><img loading="lazy" decoding="async" width="934" height="1024" src="https://www.zentrum-im-sein.at/wp-content/uploads/2024/03/fuesse_kl_was_tun-1-934x1024.jpg" alt="" class="wp-image-59" style="aspect-ratio:1;object-fit:cover;width:399px;height:auto" srcset="https://www.zentrum-im-sein.at/wp-content/uploads/2024/03/fuesse_kl_was_tun-1-934x1024.jpg 934w, https://www.zentrum-im-sein.at/wp-content/uploads/2024/03/fuesse_kl_was_tun-1-274x300.jpg 274w, https://www.zentrum-im-sein.at/wp-content/uploads/2024/03/fuesse_kl_was_tun-1-768x842.jpg 768w, https://www.zentrum-im-sein.at/wp-content/uploads/2024/03/fuesse_kl_was_tun-1.jpg 1000w" sizes="auto, (max-width: 706px) 89vw, (max-width: 767px) 82vw, 740px" /></figure>
</div>



<div class="wp-block-column is-vertically-aligned-center is-layout-flow wp-block-column-is-layout-flow" style="flex-basis:95%">
<p class="has-text-align-right wp-block-paragraph" style="font-size:17px">in Resonanz gehen mit Allem was da ist</p>



<p class="has-text-align-right wp-block-paragraph" style="font-size:17px">horchen und antworten</p>



<p class="has-text-align-right wp-block-paragraph" style="font-size:17px">wechselseitig</p>



<p class="has-text-align-right wp-block-paragraph" style="font-size:17px">Schritt für Schritt erkunden</p>



<p class="has-text-align-right wp-block-paragraph" style="font-size:17px">wahrnehmen, erinnern </p>



<p class="has-text-align-right wp-block-paragraph" style="font-size:17px">aufnehmen, abgeben</p>



<p class="has-text-align-right wp-block-paragraph" style="font-size:17px">berühren und verwandeln lassen</p>



<p class="has-text-align-right wp-block-paragraph" style="font-size:17px">weitergehen</p>
</div>
</div>
</div>
</div>
</div>



<p class="has-text-align-center wp-block-paragraph">Durch das Erleben von draußen unterwegs sein in kleinen Gruppen, Feuer machen,<br>am Boden schlafen, in Handlung gehen,<br> erinnert sich der Körper und die Intuition an urmenschliche Erfahrungen<br>von Zugehörigkeit, Kooperation, Liebe zu dem was ist, dem Schwarmwissen und<br>dem empfundenen Glück in der Einfachheit der Dinge.</p>



<p class="wp-block-paragraph"></p>


<div class="wp-block-image">
<figure class="aligncenter size-large"><img loading="lazy" decoding="async" width="1024" height="768" src="https://www.zentrum-im-sein.at/wp-content/uploads/2024/03/was_tun_felsen_Tarp_gr-1024x768.jpg" alt="" class="wp-image-60" srcset="https://www.zentrum-im-sein.at/wp-content/uploads/2024/03/was_tun_felsen_Tarp_gr-1024x768.jpg 1024w, https://www.zentrum-im-sein.at/wp-content/uploads/2024/03/was_tun_felsen_Tarp_gr-300x225.jpg 300w, https://www.zentrum-im-sein.at/wp-content/uploads/2024/03/was_tun_felsen_Tarp_gr-768x576.jpg 768w, https://www.zentrum-im-sein.at/wp-content/uploads/2024/03/was_tun_felsen_Tarp_gr-1536x1152.jpg 1536w, https://www.zentrum-im-sein.at/wp-content/uploads/2024/03/was_tun_felsen_Tarp_gr.jpg 2000w" sizes="auto, (max-width: 706px) 89vw, (max-width: 767px) 82vw, 740px" /></figure>
</div>


<p class="wp-block-paragraph"></p>



<p class="has-text-align-center wp-block-paragraph">Anhand der phänomenologisch auftauchenden Ereignisse in unserer gemeinsamen Zeit<br>und den jeweiligen persönlichen Sinnzuschreibungen, die zum Teil in Sprache gebracht<br>werden, webt sich der Prozess des Miteinanders.</p>



<p class="has-text-align-center wp-block-paragraph">Hören &#8211; Antwort darauf geben &#8211; gehört werden</p>



<p class="has-text-align-center wp-block-paragraph">verbunden mit leiblicher Erfahrung, erschliesst manchmal &#8211; in Anerkennung aller Unverfügbarkeit &#8211; wahre Schätze, die uns staunen lassen.<br>In möglichst wertfreier Wahrnehmung von uns und dem was mit uns ist, schaffen wir einen gemeinsamen Raum, in dem Wandlung passieren kann.</p>



<p class="wp-block-paragraph"></p>


<div class="wp-block-image is-style-rounded">
<figure class="aligncenter size-large is-resized"><img loading="lazy" decoding="async" width="1024" height="772" src="https://www.zentrum-im-sein.at/wp-content/uploads/2024/03/gruppenplatz_mit_Menschen-1-1024x772.jpg" alt="" class="wp-image-45" style="aspect-ratio:1;object-fit:cover;width:575px;height:auto" srcset="https://www.zentrum-im-sein.at/wp-content/uploads/2024/03/gruppenplatz_mit_Menschen-1-1024x772.jpg 1024w, https://www.zentrum-im-sein.at/wp-content/uploads/2024/03/gruppenplatz_mit_Menschen-1-300x226.jpg 300w, https://www.zentrum-im-sein.at/wp-content/uploads/2024/03/gruppenplatz_mit_Menschen-1-768x579.jpg 768w, https://www.zentrum-im-sein.at/wp-content/uploads/2024/03/gruppenplatz_mit_Menschen-1-1536x1159.jpg 1536w, https://www.zentrum-im-sein.at/wp-content/uploads/2024/03/gruppenplatz_mit_Menschen-1.jpg 1709w" sizes="auto, (max-width: 706px) 89vw, (max-width: 767px) 82vw, 740px" /></figure>
</div>


<p class="wp-block-paragraph"></p>



<div class="wp-block-columns is-layout-flex wp-container-core-columns-is-layout-8f761849 wp-block-columns-is-layout-flex">
<div class="wp-block-column is-layout-flow wp-block-column-is-layout-flow" style="flex-basis:100%">
<div class="wp-block-group"><div class="wp-block-group__inner-container is-layout-constrained wp-block-group-is-layout-constrained">
<p class="has-text-align-center wp-block-paragraph">Durch die Verankerung des Erlebten im Körper, in der Landschaft, mit unterschiedlichen Methoden, 
wird ein Weg im Alltag voll Schönheit, Freude, Leichtigkeit sichtbar <br>
und freut sich darauf begangen zu werden.</p>



<div class="wp-block-group"><div class="wp-block-group__inner-container is-layout-constrained wp-block-group-is-layout-constrained">
<p class="has-text-align-center wp-block-paragraph">Schicht um Schicht schälst du dich von allem, was es nicht mehr bei dir braucht.<br>Gestärkt, genährt und wesentlich wirkst du, vom Ort deiner inneren Kraft und<br> Lebendigkeit, als Geschenk in der Welt.<br>Mit allen die da sind &#8211; auf Augenhöhe miteinander.</p>



<p class="wp-block-paragraph"></p>


<div class="wp-block-image">
<figure class="aligncenter size-large is-resized"><img loading="lazy" decoding="async" width="914" height="1024" src="https://www.zentrum-im-sein.at/wp-content/uploads/2024/03/was_tun_feuerkochen2_kl-914x1024.jpg" alt="" class="wp-image-70" style="width:462px;height:auto" srcset="https://www.zentrum-im-sein.at/wp-content/uploads/2024/03/was_tun_feuerkochen2_kl-914x1024.jpg 914w, https://www.zentrum-im-sein.at/wp-content/uploads/2024/03/was_tun_feuerkochen2_kl-268x300.jpg 268w, https://www.zentrum-im-sein.at/wp-content/uploads/2024/03/was_tun_feuerkochen2_kl-768x860.jpg 768w, https://www.zentrum-im-sein.at/wp-content/uploads/2024/03/was_tun_feuerkochen2_kl.jpg 1000w" sizes="auto, (max-width: 706px) 89vw, (max-width: 767px) 82vw, 740px" /></figure>
</div>


<h2 class="wp-block-heading has-text-align-center">Was dabei geschieht</h2>



<p class="has-text-align-center wp-block-paragraph">ʘ Verbundenheit zu den eigenen Wurzeln spüren – das Urvertrauen wieder entdecken, stärken<br>ʘ Verkörperung – so wie du gemeint bist – wesentlich<br>ʘ Selbstwirksamkeit spüren<br>ʘ das Leben und dich inmitten feiern<br>ʘ im Kreis Miteinander und Kooperation erleben und verankern<br>ʘ Neue Handlungsmöglichkeiten und innere Freiheit entdecken, reflektieren, umsetzen<br>ʘ in Folge die gemachten Erfahrungen in unterschiedliche Lebensbereiche einfließen lassen<br>ʘ Wandel geschieht, individuell und kollektiv</p>
</div></div>
</div></div>
</div>
</div>



<h2 class="wp-block-heading has-text-align-center">Methoden</h2>



<p class="has-text-align-center wp-block-paragraph">ʘ Feuerkreisdialoge<br>ʘ Rituale in / mit der Natur<br>ʘ Gestaltung mit Naturmaterialien<br>ʘ draußen unterwegs sein tags und nachts<br>ʘ Schlafplatzgestaltung<br>ʘ Kochen am Feuer<br>ʘ Körperarbeit mit Atem/ Klang / Bewegung / Tanz/ Berührung<br>ʘ Craniosacrale Arbeit, Qi Gong, Akkupressur<br>ʘ Aufstellungsarbeit</p>

<p>in Resonanz gehen mit Allem was da ist horchen und antworten wechselseitig Schritt für Schritt erkunden wahrnehmen, erinnern aufnehmen, abgeben berühren und verwandeln lassen weitergehen Durch das Erleben von draußen unterwegs sein in kleinen Gruppen, Feuer machen,am Boden schlafen, in Handlung gehen, erinnert sich der Körper und die Intuition an urmenschliche Erfahrungenvon Zugehörigkeit, Kooperation, Liebe &hellip; </p>
<p class="link-more"><a href="https://www.zentrum-im-sein.at/?page_id=57" class="more-link"><span class="screen-reader-text">„Was wir tun“</span> weiterlesen</a></p>
