{"id":42,"date":"2024-04-08T10:48:19","date_gmt":"2024-04-08T08:48:19","guid":{"rendered":"https:\/\/www.zentrum-im-sein.at\/?page_id=42"},"modified":"2024-11-28T10:47:51","modified_gmt":"2024-11-28T09:47:51","slug":"zentrum-im-sein","status":"publish","type":"page","link":"https:\/\/www.zentrum-im-sein.at\/?page_id=42","title":{"rendered":"Zentrum im Sein"},"content":{"rendered":"\n<p class=\"has-text-align-center wp-block-paragraph\"><em>\u201eNichts geschieht ohne den Ort, an dem wir gerade sind.<br>Die wilden und die menschengemachten Welten &#8211;<br>sie alle h\u00f6ren und spielen mit.<br>So lebt sich&#8217;s lebendig.\u201c<\/em><\/p>\n\n\n\n<p class=\"has-text-align-right wp-block-paragraph\"><strong>www.sympoi.ch, Naturdialoge, Modulreihe 17<\/strong><\/p>\n\n\n\n<figure class=\"wp-block-image size-full\"><img loading=\"lazy\" decoding=\"async\" width=\"1024\" height=\"406\" src=\"https:\/\/www.zentrum-im-sein.at\/wp-content\/uploads\/2024\/03\/Regenbogen_Haitza_2.jpg\" alt=\"\" class=\"wp-image-50\" srcset=\"https:\/\/www.zentrum-im-sein.at\/wp-content\/uploads\/2024\/03\/Regenbogen_Haitza_2.jpg 1024w, https:\/\/www.zentrum-im-sein.at\/wp-content\/uploads\/2024\/03\/Regenbogen_Haitza_2-300x119.jpg 300w, https:\/\/www.zentrum-im-sein.at\/wp-content\/uploads\/2024\/03\/Regenbogen_Haitza_2-768x305.jpg 768w\" sizes=\"auto, (max-width: 706px) 89vw, (max-width: 767px) 82vw, 740px\" \/><\/figure>\n\n\n\n<p class=\"has-text-align-center wp-block-paragraph\">Die Idee ist es, einen Ort durch naturdialogische Arbeit mitzugestalten &#8211;<br>gemeinsam mit vielen unterschiedlichen Menschen und vielf\u00e4ltigen Qualit\u00e4ten der Elemente in einem lebendigen Netzwerk.<\/p>\n\n\n\n<p class=\"has-text-align-center wp-block-paragraph\"><br>Ein Ort, ein wenig abgeschieden von der gesch\u00e4ftigen Alltagswelt.<br>Ein Ort zum Atem holen, sich weiten, Platz nehmen.<br>Selbstverst\u00e4ndlich ist es dort<br>ein Gemeinschaftsfeuer zu entz\u00fcnden, es zu h\u00fcten,<br>\u00fcber Feuer zu kochen, sich daran zu erfreuen und zu w\u00e4rmen,<br>die F\u00fc\u00dfe in das klare Bach-, Fluss-, See-, Meerwasser zu stecken,<br>den Matsch, den Sand, die Kiesel zwischen den Zehen quellen zu lassen,<br>im Wald nach Verborgenem zu suchen und neue Wege zu entdecken,<br>die Vielf\u00e4ltigkeit der Tier- und Planzenwelt zu bestaunen,<br>auf der Anh\u00f6he sich mit der Weite zu f\u00fcllen und<br>den Klang in der Stille zu h\u00f6ren.<\/p>\n\n\n\n<p class=\"wp-block-paragraph\">Wir freuen uns \u00fcber Kontaktaufnahme, wenn du diesen Ort kennst oder ihn f\u00fcr diese Arbeit zur Verf\u00fcgung stellen willst.<\/p>\n\n\n\n<p class=\"wp-block-paragraph\"><\/p>\n\n\n\n<div class=\"wp-block-group\"><div class=\"wp-block-group__inner-container is-layout-constrained wp-block-group-is-layout-constrained\">\n<div class=\"wp-block-columns is-layout-flex wp-container-core-columns-is-layout-8f761849 wp-block-columns-is-layout-flex\">\n<div class=\"wp-block-column is-layout-flow wp-block-column-is-layout-flow\" style=\"flex-basis:20%\">\n<p class=\"wp-block-paragraph\"><a href=\"http:\/\/www.du-bist-das-meer.at\">Barbara W\u00f6rz<\/a><\/p>\n\n\n\n<p class=\"wp-block-paragraph\"><a href=\"https:\/\/www.zentrum-im-sein.at\/?page_id=12\">Kontakt<\/a><\/p>\n\n\n\n<p class=\"wp-block-paragraph\"><\/p>\n<\/div>\n\n\n\n<div class=\"wp-block-column is-layout-flow wp-block-column-is-layout-flow\" style=\"flex-basis:22%\">\n<p class=\"wp-block-paragraph\"><a href=\"https:\/\/www.am-weg.at\/\">Maria Raab<\/a> <\/p>\n\n\n\n<p class=\"wp-block-paragraph\">T: 0680 2471647<\/p>\n\n\n\n<p class=\"wp-block-paragraph\">@: praxis(at)am-weg.at<\/p>\n<\/div>\n\n\n\n<div class=\"wp-block-column is-layout-flow wp-block-column-is-layout-flow\" style=\"flex-basis:25%\">\n<p class=\"wp-block-paragraph\">Andrea Schalk                      <\/p>\n\n\n\n<p class=\"wp-block-paragraph\">T: 0699 11547247<\/p>\n<\/div>\n\n\n\n<div class=\"wp-block-column is-layout-flow wp-block-column-is-layout-flow\" style=\"flex-basis:30%\">\n<p class=\"wp-block-paragraph\">Franz Schweinberger<\/p>\n\n\n\n<p class=\"wp-block-paragraph\">T: 0650 6912497<\/p>\n\n\n\n<p class=\"wp-block-paragraph\">@: franz.schwein<br>berger(at)yahoo.de<\/p>\n\n\n\n<p class=\"wp-block-paragraph\"><\/p>\n<\/div>\n<\/div>\n<\/div><\/div>\n","protected":false},"excerpt":{"rendered":"<p>\u201eNichts geschieht ohne den Ort, an dem wir gerade sind.Die wilden und die menschengemachten Welten &#8211;sie alle h\u00f6ren und spielen mit.So lebt sich&#8217;s lebendig.\u201c www.sympoi.ch, Naturdialoge, Modulreihe 17 Die Idee ist es, einen Ort durch naturdialogische Arbeit mitzugestalten &#8211;gemeinsam mit vielen unterschiedlichen Menschen und vielf\u00e4ltigen Qualit\u00e4ten der Elemente in einem lebendigen Netzwerk. Ein Ort, ein &hellip; <\/p>\n<p class=\"link-more\"><a href=\"https:\/\/www.zentrum-im-sein.at\/?page_id=42\" class=\"more-link\"><span class=\"screen-reader-text\">\u201eZentrum im Sein\u201c<\/span> weiterlesen<\/a><\/p>\n","protected":false},"author":1,"featured_media":0,"parent":0,"menu_order":0,"comment_status":"closed","ping_status":"closed","template":"","meta":{"footnotes":""},"class_list":["post-42","page","type-page","status-publish","hentry"],"_links":{"self":[{"href":"https:\/\/www.zentrum-im-sein.at\/index.php?rest_route=\/wp\/v2\/pages\/42","targetHints":{"allow":["GET"]}}],"collection":[{"href":"https:\/\/www.zentrum-im-sein.at\/index.php?rest_route=\/wp\/v2\/pages"}],"about":[{"href":"https:\/\/www.zentrum-im-sein.at\/index.php?rest_route=\/wp\/v2\/types\/page"}],"author":[{"embeddable":true,"href":"https:\/\/www.zentrum-im-sein.at\/index.php?rest_route=\/wp\/v2\/users\/1"}],"replies":[{"embeddable":true,"href":"https:\/\/www.zentrum-im-sein.at\/index.php?rest_route=%2Fwp%2Fv2%2Fcomments&post=42"}],"version-history":[{"count":17,"href":"https:\/\/www.zentrum-im-sein.at\/index.php?rest_route=\/wp\/v2\/pages\/42\/revisions"}],"predecessor-version":[{"id":676,"href":"https:\/\/www.zentrum-im-sein.at\/index.php?rest_route=\/wp\/v2\/pages\/42\/revisions\/676"}],"wp:attachment":[{"href":"https:\/\/www.zentrum-im-sein.at\/index.php?rest_route=%2Fwp%2Fv2%2Fmedia&parent=42"}],"curies":[{"name":"wp","href":"https:\/\/api.w.org\/{rel}","templated":true}]}}

<p class="has-text-align-center wp-block-paragraph"><em>„Nichts geschieht ohne den Ort, an dem wir gerade sind.<br>Die wilden und die menschengemachten Welten &#8211;<br>sie alle hören und spielen mit.<br>So lebt sich&#8217;s lebendig.“</em></p>



<p class="has-text-align-right wp-block-paragraph"><strong>www.sympoi.ch, Naturdialoge, Modulreihe 17</strong></p>



<figure class="wp-block-image size-full"><img loading="lazy" decoding="async" width="1024" height="406" src="https://www.zentrum-im-sein.at/wp-content/uploads/2024/03/Regenbogen_Haitza_2.jpg" alt="" class="wp-image-50" srcset="https://www.zentrum-im-sein.at/wp-content/uploads/2024/03/Regenbogen_Haitza_2.jpg 1024w, https://www.zentrum-im-sein.at/wp-content/uploads/2024/03/Regenbogen_Haitza_2-300x119.jpg 300w, https://www.zentrum-im-sein.at/wp-content/uploads/2024/03/Regenbogen_Haitza_2-768x305.jpg 768w" sizes="auto, (max-width: 706px) 89vw, (max-width: 767px) 82vw, 740px" /></figure>



<p class="has-text-align-center wp-block-paragraph">Die Idee ist es, einen Ort durch naturdialogische Arbeit mitzugestalten &#8211;<br>gemeinsam mit vielen unterschiedlichen Menschen und vielfältigen Qualitäten der Elemente in einem lebendigen Netzwerk.</p>



<p class="has-text-align-center wp-block-paragraph"><br>Ein Ort, ein wenig abgeschieden von der geschäftigen Alltagswelt.<br>Ein Ort zum Atem holen, sich weiten, Platz nehmen.<br>Selbstverständlich ist es dort<br>ein Gemeinschaftsfeuer zu entzünden, es zu hüten,<br>über Feuer zu kochen, sich daran zu erfreuen und zu wärmen,<br>die Füße in das klare Bach-, Fluss-, See-, Meerwasser zu stecken,<br>den Matsch, den Sand, die Kiesel zwischen den Zehen quellen zu lassen,<br>im Wald nach Verborgenem zu suchen und neue Wege zu entdecken,<br>die Vielfältigkeit der Tier- und Planzenwelt zu bestaunen,<br>auf der Anhöhe sich mit der Weite zu füllen und<br>den Klang in der Stille zu hören.</p>



<p class="wp-block-paragraph">Wir freuen uns über Kontaktaufnahme, wenn du diesen Ort kennst oder ihn für diese Arbeit zur Verfügung stellen willst.</p>



<p class="wp-block-paragraph"></p>



<div class="wp-block-group"><div class="wp-block-group__inner-container is-layout-constrained wp-block-group-is-layout-constrained">
<div class="wp-block-columns is-layout-flex wp-container-core-columns-is-layout-8f761849 wp-block-columns-is-layout-flex">
<div class="wp-block-column is-layout-flow wp-block-column-is-layout-flow" style="flex-basis:20%">
<p class="wp-block-paragraph"><a href="http://www.du-bist-das-meer.at">Barbara Wörz</a></p>



<p class="wp-block-paragraph"><a href="https://www.zentrum-im-sein.at/?page_id=12">Kontakt</a></p>



<p class="wp-block-paragraph"></p>
</div>



<div class="wp-block-column is-layout-flow wp-block-column-is-layout-flow" style="flex-basis:22%">
<p class="wp-block-paragraph"><a href="https://www.am-weg.at/">Maria Raab</a> </p>



<p class="wp-block-paragraph">T: 0680 2471647</p>



<p class="wp-block-paragraph">@: praxis(at)am-weg.at</p>
</div>



<div class="wp-block-column is-layout-flow wp-block-column-is-layout-flow" style="flex-basis:25%">
<p class="wp-block-paragraph">Andrea Schalk                      </p>



<p class="wp-block-paragraph">T: 0699 11547247</p>
</div>



<div class="wp-block-column is-layout-flow wp-block-column-is-layout-flow" style="flex-basis:30%">
<p class="wp-block-paragraph">Franz Schweinberger</p>



<p class="wp-block-paragraph">T: 0650 6912497</p>



<p class="wp-block-paragraph">@: franz.schwein<br>berger(at)yahoo.de</p>



<p class="wp-block-paragraph"></p>
</div>
</div>
</div></div>

<p>„Nichts geschieht ohne den Ort, an dem wir gerade sind.Die wilden und die menschengemachten Welten &#8211;sie alle hören und spielen mit.So lebt sich&#8217;s lebendig.“ www.sympoi.ch, Naturdialoge, Modulreihe 17 Die Idee ist es, einen Ort durch naturdialogische Arbeit mitzugestalten &#8211;gemeinsam mit vielen unterschiedlichen Menschen und vielfältigen Qualitäten der Elemente in einem lebendigen Netzwerk. Ein Ort, ein &hellip; </p>
<p class="link-more"><a href="https://www.zentrum-im-sein.at/?page_id=42" class="more-link"><span class="screen-reader-text">„Zentrum im Sein“</span> weiterlesen</a></p>
